ns digit of s?
1
Suppose 28 = 4*q - 4*z, 2*q - 6*q = -5*z - 31. What is the units digit of q?
4
Let c = -1 + 27. What is the units digit of c?
6
Let d(c) = c**3 + 10*c**2 - 15*c - 16. What is the units digit of d(-11)?
8
Let z(m) = -4*m + 1. What is the tens digit of z(-6)?
2
Let w(f) be the third derivative of -1/2*f**3 - 1/24*f**4 + 2*f**2 + 0*f + 1/120*f**6 + 0 + 1/10*f**5. What is the units digit of w(-6)?
3
Suppose -2*n + 4*c = -170, 2*c = -0 - 4. What is the tens digit of n?
8
Let g = 0 - 4. Let w = g - -12. What is the units digit of w*(-2 - 15/(-6))?
4
Suppose -2*t - 3*t + 80 = 0. Let l = 10 - t. Let w = l + 9. What is the units digit of w?
3
Let m = -4 - -9. Let i(a) = a**2 - 4*a + 2. Let z be i(m). What is the units digit of (z/(-14))/(1/(-14))?
7
Let j = 5 - 2. Suppose j = f + s, -f + 11 + 2 = -s. What is the units digit of f?
8
Suppose b - 224 = -5*z + 67, 0 = -5*z + 15. What is the units digit of b?
6
Let y(x) = 2*x - 7. Let p = 6 - 2. Let n be 5/p*(5 - 1). What is the units digit of y(n)?
3
Suppose 10 = 5*k - 135. What is the tens digit of k?
2
Let i = 172 - 110. What is the units digit of i?
2
Let f(i) = i**3 - i**2. Let x be f(-1). Let c = x + -2. What is the units digit of -4*(2 - (-15)/c)?
7
Let w(f) = 9*f**2 + f + 7. What is the units digit of w(-2)?
1
Let b be (3 - -2) + -2 + 2. Suppose c - 12 = -3*c + 4*h, -3*c - b*h + 17 = 0. Suppose 0 = -c*i + 7 + 1. What is the units digit of i?
2
Suppose 3*n - 420 = -63. What is the tens digit of n?
1
Suppose -5*v - u + 36 - 13 = 0, 27 = 3*v + 5*u. Suppose 0 = -w - 2*h + 16, -v*h = -3*w - 0*w + 18. What is the tens digit of w?
1
Let l = 155 + -73. What is the units digit of l?
2
What is the units digit of -3 + 0/2 + 32?
9
Suppose -5*h + 52 - 17 = -4*v, 24 = -3*v + 3*h. What is the units digit of (-2)/5 + (-127)/v?
5
Suppose 5*s = -3*w + 719, 3*w + s - 682 = 33. What is the hundreds digit of w?
2
Suppose c + 2*c = 144. What is the tens digit of c?
4
Suppose -j = 3*j - 8. Suppose 3*y - 16 = -4*m, -7 = j*y - 3*y - 3*m. What is the units digit of y?
4
Let i(v) = v**3 + 3*v**2 - 5*v - 5. Let o be i(-4). Let y = o - -8. What is the units digit of y?
7
Suppose 4 = r - 2*q - 14, -5*q + 10 = 3*r. What is the units digit of r?
0
What is the units digit of ((-4)/(-6))/(1/87)?
8
Let u be (-1 + -2)/(1/2). Let l be (u/(-4))/((-3)/(-6)). Suppose l*n = 5*i + 39, -5*i - 37 = -2*n - 6. What is the units digit of n?
8
Suppose -14 = -4*t + 6. What is the units digit of t?
5
Let y = -34 - -55. Let v = y + -8. What is the units digit of v?
3
Suppose -11 = -4*s - 43. Let y(c) = c - 3. Let t(n) = 4*n - 8. Let k(h) = s*y(h) + 3*t(h). What is the units digit of k(2)?
8
Suppose -3*n - 2*a = -0*n + 8, -3*a - 12 = 0. Suppose n = -y + 5*y. Let o = 4 + y. What is the units digit of o?
4
Let n(d) = 4*d + 10. Let f(v) = -v - 1. Let m(a) = 3*f(a) + n(a). What is the tens digit of m(5)?
1
Suppose 52 + 18 = g + 4*w, -5*g + 350 = -2*w. What is the units digit of (-2)/(-10) + 56/g?
1
Suppose -2 = -3*j + k, 1 + 5 = 5*j - 3*k. Suppose m = -2*f - j*m + 30, -f + 5*m = -37. What is the tens digit of f?
1
Let g = -204 + 302. What is the tens digit of g?
9
Let k = -5 + 87. What is the tens digit of k?
8
Let k(j) be the first derivative of j**4/4 - j**3/3 - j**2 + 2*j - 3. Let d be k(2). Suppose -5*f + 64 = d*p, p - 2*p + 62 = 5*f. What is the units digit of f?
2
Let r be -2*(1 - 14/4). Let f(z) = -4 - r + 0 + 1 + 2*z. What is the units digit of f(7)?
6
Suppose 2*n - 50 = 3*u, -u = -5*n + 134 - 9. What is the units digit of n?
5
Let s(j) = j**3 - j**2 - j + 19. Let t(u) = -u**3 + 10*u**2 - u + 10. Let z be t(10). What is the units digit of s(z)?
9
Let q be 2*-2*3/(-6). What is the units digit of (15/q - -1)*2?
7
Let s = 20 + -30. Let a = 6 + s. What is the units digit of ((-2)/a)/(4/40)?
5
Let c = -20 - -39. What is the units digit of (-1 - 1)*c/(-2)?
9
Suppose 3*n + 23 = 2*g + 93, -5*n + 3*g = -115. What is the tens digit of n?
2
Let a be 1/(-2)*-2 + -1. Let y be a - 0 - (1 - 3). Suppose -g + 9 = i, -y*g = -i + 4*i - 20. What is the units digit of g?
7
Let b(s) = -3*s + s + s - s**2 - 3*s. Let i be b(-4). Suppose -x = -3*m + 12, i = x + 2*x. What is the units digit of m?
4
Let p be 1/(-2) + (-36)/8. Let g(l) = -l**2 - 6*l + 1. What is the units digit of g(p)?
6
Let r(n) = -n**3 + 18*n**2 + 3*n - 2. What is the units digit of r(18)?
2
Suppose -2*y - 3*n - 19 = 0, 2*y + 32 = -y - n. Let b = y + 30. What is the tens digit of b?
1
Suppose 0 = 4*k - 4 - 8. Suppose -2 = 2*y + 2. Let p = k + y. What is the units digit of p?
1
Suppose -8 = -f - 5. Suppose -2*x = 3*z - 37, 0*x - 2*x + 31 = -f*z. What is the tens digit of x?
1
Suppose 0 = 4*a - 2*b - 2, -a - 3*b - 3 = -14. What is the tens digit of ((-26)/6)/(a/(-6))?
1
Suppose -2*i + 3*i - 6 = 0. Suppose -11*n + 70 = -i*n. What is the units digit of n?
4
Suppose 3*o + 0*p = p - 19, -2*o - 31 = 3*p. Let x(m) be the second derivative of m**4/12 + 4*m**3/3 + 5*m**2 - 2*m. What is the units digit of x(o)?
0
Suppose -d + 164 = 4*j - 0*d, 3*d + 148 = 4*j. What is the tens digit of j?
4
Let a = 86 - 71. What is the units digit of a?
5
Let z(i) = i + 1 + 0 + 4 - 2. Suppose -4*p - p = -25. What is the units digit of z(p)?
8
Suppose o - 4*o - 10 = -w, 4*w = -2*o + 40. Suppose v = -v - w. Let h = -3 - v. What is the units digit of h?
2
Let p(k) = 2*k**2 + 3*k - 1. Let l be p(3). What is the units digit of 108/l + 2/(-13)?
4
Let t be (-3)/9 - 2/(-6). Suppose -j + 4*j + 27 = t. Let v = 14 + j. What is the units digit of v?
5
Let j(h) be the first derivative of 1 + 1/2*h**2 - 5*h. What is the units digit of j(6)?
1
Let p be ((-1)/2)/((-3)/42). Suppose p*h - 15 = 2*h. Suppose -2*f = -3*f + h. What is the units digit of f?
3
Suppose -2*z = -1 - 3. Suppose -3*r = -r - z. What is the units digit of (-12*6/(-9))/r?
8
Suppose -t + 3*z - z = -3, t - 4*z - 3 = 0. Let l be ((-20)/(-15))/((-4)/(-18)). What is the units digit of 0 - (-1)/(t/l)?
2
Suppose 3*m = -32 + 134. What is the tens digit of m?
3
Suppose 23 = 5*a - 7. What is the units digit of a?
6
Let p(a) = -2*a**3 - 7*a**2 - 5*a. Let d be p(-5). What is the units digit of 2/(-6) - d/(-12)?
8
Suppose 2*k = -3*h - h - 24, -16 = -4*k. What is the units digit of (h/(-10))/(1/5)?
4
Suppose 2*a - 5 = 5. Let x = -1 + a. Suppose -4*c = 3*b - 8, 0 = 4*b - 5*b - x*c - 8. What is the units digit of b?
8
Let q(s) = -s**3 + 5*s**2 + 4*s + 6. Let i be q(6). Let b be (33/(-12))/((-1)/4). Let d = i + b. What is the units digit of d?
5
Suppose -30 = -3*l + 3*k, -3*l + 0*k = k - 10. Suppose l*p - 70 = 35. What is the tens digit of p?
2
Let l = -25 - -60. Suppose 15 = -2*x + l. What is the units digit of x?
0
Let i(y) = y**3 - y**2 - y + 1. Let n = -2 - -2. What is the units digit of i(n)?
1
Let g = -1 + 1. Suppose g = 3*k + 2*p + 28, 4*k + p = -26 - 3. Let w(x) = -x - 5. What is the units digit of w(k)?
1
Let l(d) = -d**3 + 11*d**2 - 13*d - 1. Let c be l(9). Suppose 4*q - 2*q - c = 0. What is the tens digit of q?
2
Suppose 11*v - 788 = 224. What is the units digit of v?
2
Let h = -4 + 6. Let k be (16/(4/h))/2. Suppose -i + 53 = 6*n - 2*n, 4*i = k. What is the units digit of n?
3
Let v be 169/4 + (-1)/4. Suppose v + 10 = 4*g. What is the units digit of g?
3
Let t(o) = 3*o - 12. Let n be t(8). Suppose a + 5*i = -23, i = 4*a + 5*i + n. Suppose 0 = a*s + 3*s - 25. What is the units digit of s?
5
Let d(a) = -2*a + 3. What is the units digit of d(-13)?
9
Let p = 19 + -16. Suppose k + 10 = -5*l + 71, 0 = p*k + 2*l - 144. What is the tens digit of k?
4
Let s = -18 - -83. What is the units digit of s?
5
Let g(s) = 208*s**2 - s + 2. What is the hundreds digit of g(1)?
2
Suppose 5*j - 2*n = -0 + 1, -4*j = 2*n - 8. Suppose -f + j = -a, 2*f + f = 4*a + 3. What is the tens digit of 13*1 - (0 + a)?
1
Let p(g) = g - 5. Suppose -4*u = -u - 45. Let k = -5 + u. What is the units digit of p(k)?
5
Let w(h) = 3*h**2 + 2*h + 3. What is the units digit of w(3)?
6
Suppose b - 2*s = 178, 4*s = 2*s. What is the units digit of b?
8
Let v = 16 + 2. What is the tens digit of v?
1
Let a(u) = -u + 8. Let b be a(8). Suppose 0 = -h - 3*h + 4*c, c = b. Suppose 3*d + 0*d - 9 = h. What is the units digit of d?
3
Let w = 10 + -5. Suppose -58 = -w*t + 22. What is the tens digit of t?
1
Let x be -3 + (-1 -